(w) = -w**2 + 70*w + 11. Let x be m(24). Let l = -710 + x. What are the prime factors of l?
3, 5
What are the prime factors of (1/(-1) + -309579)*398/(-1592)?
5, 23, 673
Let c(t) = -9*t**3 - 11*t**2 + 39*t + 3. Let z(a) = 5*a**3 + 5*a**2 - 20*a - 1. Let r(j) = -3*c(j) - 5*z(j). What are the prime factors of r(6)?
2, 307
Let k = 29740 - 17320. What are the prime factors of k?
2, 3, 5, 23
Suppose 4*z - 6235 - 25613 = 0. What are the prime factors of z?
2, 3, 1327
Let x = 41 + 11. Suppose 0 = 19*i - 20*i - x. What are the prime factors of 8/i - (-186)/26?
7
Let d(b) = 28*b - 93. Let u be d(4). Suppose 4*m - u*m + 6525 = 0. List the prime factors of m.
3, 5, 29
Let f be (-1 + 1)*(-6)/48*4. Suppose 4*y - 9 + f = 3*p, 3*p - 39 = -4*y. Suppose -3*m + 3*k + 186 = y*k, k = m - 58. List the prime factors of m.
2, 3, 5
Let b(t) = 8 + 36*t - 9*t + 42 + 20. List the prime factors of b(16).
2, 251
Let l(n) = -6*n + 5. Let s be l(9). Let x = -135 - s. Let h = x + 139. List the prime factors of h.
53
Let n(t) = 18*t + 34. Suppose 0 = 3*x - 3*o - 18, o + 8 - 11 = 0. List the prime factors of n(x).
2, 7
Let q(z) = -z**2 + 8*z - 3. Let n be q(4). Suppose 0 = -t - 0*b - 2*b - n, -5*b = 5*t + 85. List the prime factors of (113/(-3))/(7/t).
113
Let s be ((-2)/(-3))/(17/(41922/12)). Let p = 341 - s. List the prime factors of p.
2, 3, 17
Let w be (1/(-3))/((-11)/52833). Let y = w - 728. List the prime factors of y.
3, 97
Let l be (1*9/12)/(48/448). Let h(f) = -11*f - 2*f**3 + 3*f**3 - 3*f**2 + 2*f. What are the prime factors of h(l)?
7, 19
Suppose 8*g - 50164 - 2660 = 0. List the prime factors of g.
3, 31, 71
Let o = -643 + 319. Let m be (2 + o/(-8))*2. Suppose -3*x = 5*u - 451, 0*u - u + 2*x + m = 0. What are the prime factors of u?
89
Let q = 705 - 705. Suppose 3*r = c - 86, -2*c + 2*r + 152 = -q*c. What are the prime factors of c?
71
Let n = -47 - -51. Suppose -2*o + 408 = 4*k, o + 0*o + n*k = 196. Let i = o + -132. List the prime factors of i.
2, 5
Suppose 0 = 75*t - 889539 + 22389. List the prime factors of t.
2, 3, 41, 47
Let i(u) = 3*u + 55. Let g be i(-17). Let o(p) = 7*p**2 - p - 19. List the prime factors of o(g).
89
Let a = -362 + 88. Let t = a + 402. What are the prime factors of t?
2
Let q = 8 + -2. Let m(t) = 52*t**2 + 169*t - 168. Let h be m(1). Suppose 7*d - h = q*d. What are the prime factors of d?
53
Suppose q - 5429 = 2*v + 12910, -3*v = 5*q - 91604. List the prime factors of q.
5, 733
Let c be -4 + 13/3 - (-68)/12. Suppose -4*w - 6 = -c*w. Suppose -5*o - w*p + 720 = 0, 6 - 310 = -2*o + 2*p. What are the prime factors of o?
3, 7
Let k = -22 - -24. Suppose -p - 15 = k*p. Let f(l) = l**3 + 5*l**2 - 2*l + 8. What are the prime factors of f(p)?
2, 3
Let d be 5 + 1282/(-8)*-4. Suppose -10*n + 1194 + d = 0. Suppose -3*a + 479 = -n. List the prime factors of a.
13, 17
Suppose -5*l + 2568 = 2*b, 5*b = l + 2*b - 500. Let c = l + -19. What are the prime factors of c?
17, 29
Suppose 24*l = 19*l - 215. Let g = l - -73. What are the prime factors of g/75 - ((-1659)/(-5))/(-3)?
3, 37
Let a(k) = 1314*k + 9964. List the prime factors of a(17).
2, 31, 521
Let u = 24299 + -14384. What are the prime factors of u?
3, 5, 661
Let z(f) = -417*f + 3792. What are the prime factors of z(-21)?
3, 47, 89
Let h be (11 - 6) + (45863 - 4). Suppose 28*l + h = 56*l. List the prime factors of l.
2, 3, 7, 13
Let q(i) be the first derivative of -i**3/3 + 17*i**2/2 - 2*i + 6. Let n be q(13). Let l = n - 16. List the prime factors of l.
2, 17
Let t(u) = -1 - 85*u**2 - 3*u - 4*u + 97*u**2 + u**3. Let a be t(-12). Suppose 3*y - a = -2*p - 0*y, 5*p + 2*y = 235. List the prime factors of p.
7
List the prime factors of 5/(-25)*15/6*-24666.
3, 4111
Suppose -t + 4 = -v, -v = 15*t - 14*t - 8. Let j be 1390/6 - (-1)/3. Suppose u = v*n - 45 - 110, -3*n + 2*u + j = 0. What are the prime factors of n?
2, 3, 13
Suppose -173*f + 8040512 - 2149197 + 1995236 = 0. List the prime factors of f.
45587
Suppose -99*r + 101*r - 20 = 0. Suppose r*v - 160 = 6*v. List the prime factors of v.
2, 5
Let z be (3 - 23)*(-6)/12. Suppose -2*d - 2*v = -122, 0 = 2*v + 4 + 6. Let q = d - z. What are the prime factors of q?
2, 7
Suppose -3*c = 2*y - 8, -4*c + 26 = -7*y + 2*y. Let x be 1/y + (-45)/(-10). Suppose -9 = -x*v + 83. What are the prime factors of v?
23
Let p = 79 - 75. Suppose 351 = p*f - 937. What are the prime factors of f?
2, 7, 23
Let l be 1/((21/27)/(-7)). Let b be l + 5/(-9 + 4). What are the prime factors of (-25)/b*(174/15 + 2)?
2, 17
Let i(k) = 266*k**3 + 4*k**2 + 16*k. List the prime factors of i(4).
2, 67
Suppose -3*v + 5*u + 4199 = -v, 0 = 3*v - 4*u - 6281. Let p = v + -1189. What are the prime factors of p?
2, 449
Let v(p) = -p**3 + 9*p**2 - 8*p - 14. Let x be v(10). Let c = 425 + x. Let y = 342 - c. List the prime factors of y.
3, 37
Let p = -1999 - -1136. Let s = p - -1304. List the prime factors of s.
3, 7
What are the prime factors of 21466 + -9*(-50)/30?
21481
Let g = -266 - -274. Suppose -9*v = -g*v - 3. List the prime factors of v.
3
List the prime factors of 20 + (-291)/15 - 3367/(-5).
2, 337
What are the prime factors of (-7064730)/(-102) - (-4)/(-68)?
2, 34631
Suppose 2*g - 17 = -3*h, -11 = 2*h - 2*g - 9. Suppose h*c - 9 = 3. List the prime factors of 0 + c/14 + (-2691)/(-161).
17
Suppose 16373 = -9*q + 100577. List the prime factors of q.
2, 2339
Suppose 5*q = w + 3*w - 45, 4*q - 36 = -4*w. Suppose -8*h = -w*h + 170. Let b = h - 65. List the prime factors of b.
2, 5
Let j be ((-53)/3)/(((-78)/(-54))/(-13)). Let h = j + -150. List the prime factors of h.
3
Suppose 17*z = -47*z + 187840. What are the prime factors of z?
5, 587
Let t(q) = 84*q**3 - 490*q**2 - 9*q + 26. What are the prime factors of t(11)?
229
Suppose 212*o = 219*o - 28. List the prime factors of o/(-14)*(-1418 - -11).
2, 3, 67
Let i = 786 + -510. Let d = i + 168. What are the prime factors of d?
2, 3, 37
Let b be 18/((-7)/((-21)/6)). Let i(n) = -3*n**3 + n**2 + 3*n + 2. Let z be i(-1). Suppose -z*l + 57 + b = 0. What are the prime factors of l?
2, 11
List the prime factors of 8703 + (-18 - -23 - 9).
8699
Let f(g) be the third derivative of 0*g**4 - 15*g**2 + 1/30*g**6 + 0*g + 0*g**5 - 1/3*g**3 + 0. List the prime factors of f(3).
2, 53
Suppose f = -g + 3*g + 20036, -5*f + 100168 = 2*g. List the prime factors of f.
2, 3, 7, 53
Let d be 195/(-3 + 44/16). Let c = 1195 + d. List the prime factors of c.
5, 83
Let n(h) = -h**2 - 12*h + 16. Let w be n(-13). Suppose -w*c + 214 = -173. Suppose 481 = 4*f + c. List the prime factors of f.
2, 11
Suppose 15*w - 9009 = 2*w. Suppose -3*m - w + 1929 = 0. What are the prime factors of m?
2, 103
Let a(c) = -7*c + 3. Let t be a(1). Let l(r) = 3*r + 16. Let q be l(t). List the prime factors of 6*(-66)/(-4) - q.
5, 19
Suppose 40 = n + 7*n. Suppose 3*i + 1119 = 6*i + 3*c, c - 1885 = -n*i. Let k = -251 + i. What are the prime factors of k?
127
Let g = 12461 - 4782. What are the prime factors of g?
7, 1097
Suppose 448 = 13*v - 592. List the prime factors of ((-32)/(-10))/(4/v) + -2.
2, 31
Let x = -67 + 67. Suppose x = -8*g + g + 868. List the prime factors of g.
2, 31
What are the prime factors of ((-47)/4 - -17)*(-10892)/(-3)?
7, 389
Suppose -6*i = 5*f - 41753, 55*i - 33404 = -4*f + 50*i. List the prime factors of f.
19, 439
Let b = 56 + -64. Let u = 1 - b. What are the prime factors of (-9)/(-6)*606/u?
101
Let t be ((-52)/39)/(12/(-4077)). Suppose 0 = -457*z + t*z + 396. List the prime factors of z.
3, 11
Let m(b) = b**3 + 42*b**2 - 1245*b + 65. What are the prime factors of m(-58)?
18451
Let a(w) = -w**3 - 4*w**2 - 3*w + 6. Let h be a(-3). Suppose h*t - 228 - 312 = 0. What are the prime factors of t?
2, 3, 5
Suppose 600 = 2*f - 4*z, -3*z + 17 = 5. Let x = -136 + f. List the prime factors of x.
2, 43
Let d(z) = z**2 + 52*z - 31. Let l be d(25). Suppose 16*y - l = 3258. List the prime factors of y.
2, 7, 23
Let w = 2 + 5. Let x = 10 - w. Suppose -76 = -x*r + 2*r. What are the prime factors of r?
2, 19
Let r = 155 - 153. Let t(b) = 31*b**3 + b**2 - 3*b + 4. List the prime factors of t(r).
2, 5
Let y be -8*8/(-1)*2/4. Let x be (-221)/(-3) + 1/3. Let j = x - y. List the prime factors of j.
2, 3, 7
Suppose 39*v - 49*v = -20. Suppose 0 = -x + 2*o - 5, 0 = 3*x + v*x + o - 30. List the prime factors